 2/w + 5 + 12?
3, 5
Let l = 96 - 6. Suppose -l = -4*p + v, 4*v = -v - 10. What are the prime factors of p?
2, 11
Suppose 20 = 5*a, 0 = -5*c - 4*a + 221 - 55. What are the prime factors of c?
2, 3, 5
Let t(h) = 5*h + 6. Let c(d) = -1. Let i be (-1)/(-1 + (-6)/(-8)). Let o(u) = i*c(u) + t(u). What are the prime factors of o(2)?
2, 3
Let q(d) = -4*d**2 + 4*d**2 + 6*d - 4 + d**2. List the prime factors of q(-7).
3
Let b = 23 - 6. What are the prime factors of b?
17
Suppose 2*c = c + 13. Let d be ((-14)/4 - 0)*-2. Let k = c - d. List the prime factors of k.
2, 3
Suppose -3*v = 4*h - 508, 3*v = 3*h + 142 - 544. What are the prime factors of h?
2, 5, 13
Let o be 0 + 0 + 2 + 1. Suppose 10 = o*y - 11. List the prime factors of y.
7
Suppose -s + 56 = -2*w, s + w - 2*w = 51. Let l be (-4)/10 + (-66)/(-15) + 1. Suppose 5*r + 0*r = b + 18, 3*b + l*r = s. What are the prime factors of b?
7
Let u(f) = -f**2 - 7*f + 8. Let t be u(-8). Let c be (-2)/(-7) + (-2)/7. Suppose -y + 8 + c = t. What are the prime factors of y?
2
What are the prime factors of (-5)/10*-10 - -131?
2, 17
Let t(c) = c**3 + 9*c**2 + 4*c - 1. What are the prime factors of t(-6)?
83
Let j = 0 - -3. Suppose -5*y + j*s + 8 = -13, s = -2. What are the prime factors of y?
3
Let q be 0*3*4/24. What are the prime factors of (-1 - q)/((-3)/15)?
5
Let p(d) = 14*d - 9. List the prime factors of p(5).
61
Let o be 2/(-6) - 5/3. Let k be ((-3)/6)/(1/o). What are the prime factors of 3 - ((-1)/k - -2)?
2
Let q(n) = n**3 + 6*n**2 - 4*n - 3. Let f be q(-5). Let m = f - 20. List the prime factors of m.
2, 11
Let d(g) = -g**2 + 7*g - 6. Let s be d(6). Suppose 9*a - 7*a = 48. Suppose 2*z = a - s. What are the prime factors of z?
2, 3
Let s be 11/2*(-2)/1. Let d = -5 - s. List the prime factors of 2/d - (-29)/3.
2, 5
Let k(s) = s**3 + 4*s**2 - 3*s + 7. Let p be k(-5). Let w = 9 + p. Let b = 11 - w. What are the prime factors of b?
5
Suppose -4*g = -5*v - 0*g + 246, 0 = -3*v - 5*g + 155. What are the prime factors of v?
2, 5
Suppose -3*n - 2*g + 20 = 0, 4*n - 4*g + 0*g = 0. Suppose 0*y + n*y = 32. Suppose -2*r = -y + 2. List the prime factors of r.
3
Let k be 1*((-6)/(-2) + 6). Suppose -k = 2*s - 25. What are the prime factors of s?
2
Let f(t) = -t**3 + 5*t**2 + 5. Let s be f(5). Suppose -22 = -s*b + 3*b. List the prime factors of b.
11
Suppose 0*i - i - 156 = -3*f, -2*f + i = -104. List the prime factors of f.
2, 13
List the prime factors of 69*(-3)/((-18)/12).
2, 3, 23
Suppose 0 = -3*g + 2 - 5. Let r(t) = 3*t**2 - t - 1. Let u be r(g). List the prime factors of 1 + 10 - (1 - u).
13
List the prime factors of 1*((-1)/5 - 1404/(-45)).
31
Let w(s) = s**2. Let z(k) = -2*k**2 - 10*k + 5. Let x(l) = -3*w(l) - z(l). List the prime factors of x(8).
11
Suppose 5*q = d + 23, 5*d = 4*d + q - 3. List the prime factors of d.
2
Let u(q) = q**3 + 7*q**2 + 4*q - 3. Let d be u(-6). Let b = 18 - 11. Let r = d - b. What are the prime factors of r?
2
Suppose 0*m - 5*f = -m + 32, 5*m + 3*f = 48. List the prime factors of m.
2, 3
Let j(s) = 25*s**3 - s**2 - s. Let i be j(-1). Let m be (-64)/(-5) - 5/i. Suppose l = -0*l + m. List the prime factors of l.
13
Let z be (1/(-2))/(2/216). Let o(f) = 21*f**3 + f**2 - 1. Let k be o(1). What are the prime factors of (14/k)/((-4)/z)?
3
Let h = -26 + 38. Let i = h - 5. What are the prime factors of i?
7
Suppose 14 = -5*s - 1, 0 = 3*t - 2*s - 99. List the prime factors of t.
31
Suppose 0 = -2*x - 0*x + 168. What are the prime factors of (x/(-18))/((-4)/6)?
7
Suppose 3 = 3*p - 2*p. Suppose 0 = p*g - g - 98. List the prime factors of g.
7
Suppose -5*z - 7 + 2 = -5*m, -5*m - 4*z = 40. Let h(i) = -3*i + 2. List the prime factors of h(m).
2, 7
Let j(l) = l**3 + l**2 + 2*l + 2. Let h be j(-2). Let d be 3*(-2 - 32/h). Let n = d - 5. List the prime factors of n.
5
Let m(t) be the first derivative of t**3/3 - 3*t**2/2 - 2*t + 3. What are the prime factors of m(5)?
2
Let p be 3 + 1*(23 - 1). Let r be (-82)/6 + 2/(-6). Let f = p + r. List the prime factors of f.
11
Let g = -5 + 9. Let t = 0 + g. List the prime factors of t.
2
Let m(t) = 2*t - 8. Let j be m(6). Suppose 5*p + j = 7*p. What are the prime factors of p?
2
Suppose 5*h = -5*b + b - 12, -12 = -h + 4*b. Suppose j - i - i = h, 14 = 5*j + 4*i. What are the prime factors of -1*(j + -11 + -2)?
11
Suppose 0*u - 10 = -5*u. Suppose -4 - u = 2*r. What are the prime factors of 4/(-2) - r - -5?
2, 3
Suppose 2*k = -3*q - 18, -3*q = -3*k - 7 - 20. Let h = k - -16. Suppose -h - 9 = -4*i. What are the prime factors of i?
2
Let i = -12 - -6. Let s be i/(-4)*8/6. Suppose -s*c + u + u = -22, 5*c + 4*u = 10. What are the prime factors of c?
2, 3
Let s(a) = a + 26. Let v(d) = -3*d - 78. Let r(g) = -8*s(g) - 3*v(g). What are the prime factors of r(-15)?
11
Suppose -3*u + 7*u = 1104. What are the prime factors of u?
2, 3, 23
Suppose -5*t + 118 = 3*w, 125 - 27 = 3*t - 5*w. Let r = t + -7. List the prime factors of r.
19
What are the prime factors of (-162)/(-3) + (1 - 5)?
2, 5
Let m be 2 + -3*(-232)/12. Suppose -3*n + 213 = m. List the prime factors of n.
3, 17
Let n = -167 - -95. Let c = n - -101. List the prime factors of c.
29
Let z(p) = -p + 7. Let j be z(7). Suppose 5*a - 2*k - 89 = j, -4*a + 4*k - 41 = -105. What are the prime factors of a?
19
Let a be 4/22 + 2/(-11). Suppose -4*u = -a*u - 52. List the prime factors of (u - -5)/(6/4).
2, 3
Suppose -o + 0 = 1. Let h(u) = -6*u - 1. What are the prime factors of h(o)?
5
Let i be (-2 - -6)*(-6)/4. Let x(n) be the first derivative of -3*n**2/2 - 8*n - 1. What are the prime factors of x(i)?
2, 5
Suppose -4*x + 440 = 100. Suppose 0 = -3*s - 5*a + x, 5*s - 2*a - 68 - 53 = 0. List the prime factors of s.
5
Suppose 3*h + 3*y + 3 = -0, -2*h - 6 = 3*y. Suppose -h = u, 0 = 5*p - 0*p + 5*u - 110. What are the prime factors of p?
5
Suppose 5*x - 4*y - 21 = 0, 22 = 4*x + 2*y - 0*y. Suppose x*i - 12 = i. What are the prime factors of 3/(i/2 - 1)?
2, 3
Let g be (-9)/(2/6*-1). Let h = 13 - g. What are the prime factors of (-133)/h - 2/4?
3
Let i = 9 + -2. Suppose -2*a + a = -i. List the prime factors of a.
7
Let s = -23 + 39. Let h = s - 11. Suppose -3*a + 39 = 3*j - 9, h*a + 2*j - 68 = 0. What are the prime factors of a?
2, 3
Let o(a) = 4*a**2 + 5*a + 4. List the prime factors of o(3).
5, 11
Let n(t) = -t**3 - 2*t**2 - 5*t - 2. Let d be n(-4). Suppose 3*r - 5*u + u - d = 0, -70 = -5*r + 4*u. Suppose 6*v - v = r. What are the prime factors of v?
2
Let k = 237 - 102. What are the prime factors of k?
3, 5
List the prime factors of (-10)/75 + 347/15.
23
Let l(t) = -t**2 - 4*t - 2. Let d be l(-1). Let m = d - -21. List the prime factors of m.
2, 11
Suppose 2*a - a = 0. List the prime factors of 11 + a/((-6)/3).
11
Suppose 16 - 37 = -3*o. List the prime factors of o.
7
Suppose 3*w = a - 20, 0*a = -3*a - 2*w + 82. List the prime factors of a.
2, 13
Let s be (2/3)/((-5)/(-15)). Suppose f = -s, 4*p - 4*f = -0*p + 60. What are the prime factors of p?
13
Let p = -8 - -17. Suppose b = 2*b - p. List the prime factors of 24/b*(-6)/(-4).
2
Let u = 130 + -81. What are the prime factors of u?
7
Let l be (3 - 2 - 1)/1. Suppose 5*t + 6*c - c = 80, t - 2*c - 25 = l. What are the prime factors of t?
19
Suppose -3*p - 35 = -2*x + 25, 2*p - 16 = -x. Suppose 2*l + w - 33 = 0, 0 = -2*l + 4*w + x + 34. What are the prime factors of l?
19
List the prime factors of (-7)/((-42)/(-88))*(-42)/4.
2, 7, 11
Let b = -1 - -3. Let q = 13 - b. What are the prime factors of q?
11
Let m = 19 + -29. List the prime factors of (6/10)/((-2)/m).
3
Let b be 78/3 - (0 - 0). Suppose 4*p = -0*p + 3*z + 30, 2*z - b = -5*p. List the prime factors of p.
2, 3
Let y(l) = -l**2 + 9*l - 1. Let q be (4 + -1)*(3 + -1). What are the prime factors of y(q)?
17
Let s(q) = -q**2 + 12*q - 15. Let d = 34 + -24. What are the prime factors of s(d)?
5
Let a(w) = -13*w + 23. What are the prime factors of a(-6)?
101
Suppose 0 = 5*r + 20, -3*g + 6 = -5*g + 5*r. Suppose -c + 16 = -0*z - z, 3*c = -5*z + 64. Let m = c + g. List the prime factors of m.
5
Let i be -1*14*(-8)/16. Let p = 4 - i. List the prime factors of 0 - (-4 - (-4 - p)).
3
Let o = -13 + 16. Suppose 2*j + 3*j + o*z = 104, -j + 12 = 5*z. What are the prime factors of j?
2, 11
Let t(w) = w**2 + 5*w - 4. Suppose 7*q + 5 = 2*q, -26 = 4*